{"id":2377,"date":"2023-03-01T09:46:35","date_gmt":"2023-03-01T09:46:35","guid":{"rendered":"http:\/\/zkwp-koszalin.pl\/?page_id=2377"},"modified":"2024-08-03T08:06:24","modified_gmt":"2024-08-03T08:06:24","slug":"badania-dna","status":"publish","type":"page","link":"http:\/\/zkwp-koszalin.pl\/?page_id=2377","title":{"rendered":"Badania DNA"},"content":{"rendered":"\n<p>Zgodnie z uchwa\u0142\u0105 Zarz\u0105du G\u0142\u00f3wnego z dnia 10.12.2022 wprowadzono obligatoryjne badanie profilu DNA:<\/p>\n\n\n\n<ul class=\"wp-block-list\">\n<li>dla Reproduktor\u00f3w nabywaj\u0105cych uprawnienia hodowlane od dnia 01.03.2023<\/li>\n\n\n\n<li>dla Suk Hodowlanych nabywaj\u0105cych uprawnienia hodowlane od dnia 01.07.2023<\/li>\n<\/ul>\n\n\n\n<p>Wszelkie niezb\u0119dne informacje znale\u017a\u0107 mo\u017cna <a href=\"https:\/\/zkwp.pl\/dna.php\" data-type=\"link\" data-id=\"https:\/\/zkwp.pl\/dna.php\">>> tutaj &lt;&lt;<\/a><\/p>\n\n\n\n<p><\/p>\n","protected":false},"excerpt":{"rendered":"<p>Zgodnie z uchwa\u0142\u0105 Zarz\u0105du G\u0142\u00f3wnego z dnia 10.12.2022 wprowadzono obligatoryjne badanie profilu DNA: Wszelkie niezb\u0119dne informacje znale\u017a\u0107 mo\u017cna >> tutaj &lt;&lt;<\/p>\n","protected":false},"author":1,"featured_media":0,"parent":0,"menu_order":0,"comment_status":"closed","ping_status":"closed","template":"","meta":{"footnotes":""},"class_list":["post-2377","page","type-page","status-publish","hentry"],"_links":{"self":[{"href":"http:\/\/zkwp-koszalin.pl\/index.php?rest_route=\/wp\/v2\/pages\/2377","targetHints":{"allow":["GET"]}}],"collection":[{"href":"http:\/\/zkwp-koszalin.pl\/index.php?rest_route=\/wp\/v2\/pages"}],"about":[{"href":"http:\/\/zkwp-koszalin.pl\/index.php?rest_route=\/wp\/v2\/types\/page"}],"author":[{"embeddable":true,"href":"http:\/\/zkwp-koszalin.pl\/index.php?rest_route=\/wp\/v2\/users\/1"}],"replies":[{"embeddable":true,"href":"http:\/\/zkwp-koszalin.pl\/index.php?rest_route=%2Fwp%2Fv2%2Fcomments&post=2377"}],"version-history":[{"count":13,"href":"http:\/\/zkwp-koszalin.pl\/index.php?rest_route=\/wp\/v2\/pages\/2377\/revisions"}],"predecessor-version":[{"id":3294,"href":"http:\/\/zkwp-koszalin.pl\/index.php?rest_route=\/wp\/v2\/pages\/2377\/revisions\/3294"}],"wp:attachment":[{"href":"http:\/\/zkwp-koszalin.pl\/index.php?rest_route=%2Fwp%2Fv2%2Fmedia&parent=2377"}],"curies":[{"name":"wp","href":"https:\/\/api.w.org\/{rel}","templated":true}]}}