{"id":579,"date":"2021-02-08T11:24:02","date_gmt":"2021-02-08T11:24:02","guid":{"rendered":"http:\/\/new.zwkp.nq.pl\/?page_id=579"},"modified":"2021-02-09T06:44:13","modified_gmt":"2021-02-09T06:44:13","slug":"rodo","status":"publish","type":"page","link":"http:\/\/zkwp-koszalin.pl\/?page_id=579","title":{"rendered":"Rodo"},"content":{"rendered":"\n<div class=\"wp-block-file\"><a href=\"http:\/\/new.zwkp.nq.pl\/wp-content\/uploads\/2021\/02\/Deklaracja-Czlonkowska-Zwiazku-Kynologicznego-w-Polsce-2019.pdf\">Deklaracja cz\u0142onkowska Zwi\u0105zku Kynologicznego w Polsce<\/a><a href=\"http:\/\/new.zwkp.nq.pl\/wp-content\/uploads\/2021\/02\/Deklaracja-Czlonkowska-Zwiazku-Kynologicznego-w-Polsce-2019.pdf\" class=\"wp-block-file__button\" download>Pobierz<\/a><\/div>\n\n\n\n<div class=\"wp-block-file\"><a href=\"http:\/\/new.zwkp.nq.pl\/wp-content\/uploads\/2021\/02\/KLAUZULA-INFORMACYJNA-O-PRZETWARZANIU-DANYCH-OSOBOWYCH.pdf\">Klauzula informacyjna o przetwarzaniu danych osobowych<\/a><a href=\"http:\/\/new.zwkp.nq.pl\/wp-content\/uploads\/2021\/02\/KLAUZULA-INFORMACYJNA-O-PRZETWARZANIU-DANYCH-OSOBOWYCH.pdf\" class=\"wp-block-file__button\" download>Pobierz<\/a><\/div>\n\n\n\n<div class=\"wp-block-file\"><a href=\"http:\/\/new.zwkp.nq.pl\/wp-content\/uploads\/2021\/02\/Zgoda-na-przetwarzanie-danych-osobowych.pdf\">Zgoda na przetwarzanie danych osobowych<\/a><a href=\"http:\/\/new.zwkp.nq.pl\/wp-content\/uploads\/2021\/02\/Zgoda-na-przetwarzanie-danych-osobowych.pdf\" class=\"wp-block-file__button\" download>Pobierz<\/a><\/div>\n\n\n\n<hr class=\"wp-block-separator\"\/>\n\n\n\n<p class=\"has-text-align-center\"><strong>Klauzula informacyjna o przetwarzaniu danych osobowych.<\/strong><\/p>\n\n\n\n<p>Informacje podawane w przypadku zbierania danych od osoby, kt\u00f3rej dane dotycz\u0105 (artyku\u0142 13 RODO).<\/p>\n\n\n\n<p>W zwi\u0105zku z realizacj\u0105 wymog\u00f3w Rozporz\u0105dzenia Parlamentu Europejskiego i Rady (UE) 2016\/679 z dnia 27 kwietnia 2016 r. w sprawie ochrony os\u00f3b fizycznych w zwi\u0105zku z przetwarzaniem danych osobowych i w sprawie swobodnego przep\u0142ywu takich danych oraz uchylenia dyrektywy 95\/46\/WE (og\u00f3lne rozporz\u0105dzenie o ochronie danych \u201eRODO\u201d), informujemy o zasadach przetwarzania Pani\/Pana danych osobowych oraz o przys\u0142uguj\u0105cych Pani\/Panu prawach z tym zwi\u0105zanych.<br>Poni\u017csze zasady stosuje si\u0119 pocz\u0105wszy od 25 maja 2018 roku.<\/p>\n\n\n\n<p>1) Administratorem Pani\/Pana danych osobowych przetwarzanych jest: Zwi\u0105zek Kynologiczny z siedzib\u0105 w Warszawie (Zwi\u0105zek) adres: Al. Jerozolimskie 30\/11 00-024 Warszawa, nr tel. 22 826 0574 fax: 22 862 4564.<\/p>\n\n\n\n<p>2) Je\u015bli ma Pani\/Pan pytania dotycz\u0105ce sposobu i zakresu przetwarzania Pani\/Pana danych osobowych w zakresie dzia\u0142ania Zwi\u0105zku, a tak\u017ce przys\u0142uguj\u0105cych Pani\/Panu uprawnie\u0144, mo\u017ce si\u0119 Pani\/Pan skontaktowa\u0107 si\u0119 z osoba odpowiedzialn\u0105 w Zwi\u0105zku za ochron\u0119 danych osobowych za pomoc\u0105 adresu: rodo@zkwp.pl<\/p>\n\n\n\n<p>3) Administrator danych osobowych \u2013 Zwi\u0105zek &#8211; przetwarza Pani\/Pana dane osobowe na podstawie obowi\u0105zuj\u0105cych przepis\u00f3w prawa, na podstawie udzielonej zgody.<\/p>\n\n\n\n<p>4) Pani\/Pana dane osobowe przetwarzane s\u0105 w celu\/celach:<br>a) wype\u0142nienia obowi\u0105zk\u00f3w statutowych Zwi\u0105zku, w tym sporz\u0105dzania sprawozda\u0144 z dzia\u0142alno\u015bci Zwi\u0105zku, dokument\u00f3w sk\u0142adanych do urz\u0119du skarbowego, do urz\u0119du statystycznego, wniosk\u00f3w do Krajowego Rejestru S\u0105dowego, zamieszczania moich danych w zwi\u0105zku z wykonywaniem praw i obowi\u0105zk\u00f3w cz\u0142onka Zwi\u0105zku, umieszczania moich danych na stronie internetowej Zwi\u0105zku;<br>b) realizacji um\u00f3w zawartych z kontrahentami Zwi\u0105zku;<br>c) w pozosta\u0142ych przypadkach Pani\/Pana dane osobowe przetwarzane s\u0105 wy\u0142\u0105cznie na podstawie wcze\u015bniej udzielonej zgody w zakresie i celu okre\u015blonym w tre\u015bci zgody.<\/p>\n\n\n\n<p>5) W zwi\u0105zku z przetwarzaniem danych w celach, o kt\u00f3rych mowa w pkt 4 odbiorcami Pani\/Pana danych osobowych mog\u0105 by\u0107:<br>a) organy w\u0142adzy publicznej oraz podmioty wykonuj\u0105ce zadania publiczne lub dzia\u0142aj\u0105ce na zlecenie organ\u00f3w w\u0142adzy publicznej, w zakresie i w celach, kt\u00f3re wynikaj\u0105 z przepis\u00f3w powszechnie obowi\u0105zuj\u0105cego prawa;<br>b) inne podmioty, kt\u00f3re na podstawie stosownych um\u00f3w podpisanych ze Zwi\u0105zkiem przetwarzaj\u0105 dane osobowe dla kt\u00f3rych Administratorem jest Zwi\u0105zek.<\/p>\n\n\n\n<p>6) Pani\/Pana dane osobowe b\u0119d\u0105 przechowywane przez okres niezb\u0119dny do realizacji cel\u00f3w okre\u015blonych w pkt 4, a po tym czasie przez okres oraz w zakresie wymaganym przez przepisy powszechnie obowi\u0105zuj\u0105cego prawa.<\/p>\n\n\n\n<p>7) W zwi\u0105zku z przetwarzaniem Pani\/Pana danych osobowych przys\u0142uguj\u0105 Pani\/Panu nast\u0119puj\u0105ce uprawnienia:<br>a) prawo dost\u0119pu do danych osobowych, w tym prawo do uzyskania kopii tych danych;<br>b) prawo do \u017c\u0105dania sprostowania (poprawiania) danych osobowych \u2013 w przypadku, gdy dane s\u0105 nieprawid\u0142owe lub niekompletne;<br>c) prawo do \u017c\u0105dania usuni\u0119cia danych osobowych (tzw. prawo do bycia zapomnianym), w przypadku, gdy:<br>i) dane nie s\u0105 ju\u017c niezb\u0119dne do cel\u00f3w, dla kt\u00f3rych by\u0142y zebrane lub w inny spos\u00f3b przetwarzane,<br>ii) osoba, kt\u00f3rej dane dotycz\u0105 wycofa\u0142a zgod\u0119 na przetwarzanie danych osobowych, kt\u00f3ra jest podstaw\u0105 przetwarzania danych i nie ma innej podstawy prawnej przetwarzania danych,<br>iii) dane osobowe przetwarzane s\u0105 niezgodnie z prawem,<br>iv) dane osobowe musz\u0105 by\u0107 usuni\u0119te w celu wywi\u0105zania si\u0119 z obowi\u0105zku wynikaj\u0105cego z przepis\u00f3w prawa;<br>d) prawo do \u017c\u0105dania ograniczenia przetwarzania danych osobowych \u2013 w przypadku, gdy:<br>i) osoba, kt\u00f3rej dane dotycz\u0105 kwestionuje prawid\u0142owo\u015b\u0107 danych osobowych,<br>ii) przetwarzanie danych jest niezgodne z prawem, a osoba, kt\u00f3rej dane dotycz\u0105, sprzeciwia si\u0119 usuni\u0119ciu danych, \u017c\u0105daj\u0105c w zamian ich ograniczenia,<br>iii) Administrator nie potrzebuje ju\u017c danych dla swoich cel\u00f3w, ale osoba, kt\u00f3rej dane dotycz\u0105, potrzebuje ich do ustalenia, obrony lub dochodzenia roszcze\u0144,<br>e) prawo do przenoszenia danych \u2013 w przypadku, gdy \u0142\u0105cznie spe\u0142nione s\u0105 nast\u0119puj\u0105ce przes\u0142anki:<br>i) przetwarzanie danych odbywa si\u0119 na podstawie umowy zawartej z osob\u0105, kt\u00f3rej dane dotycz\u0105 lub na podstawie zgody wyra\u017conej przez t\u0105 osob\u0119,<br>ii) przetwarzanie odbywa si\u0119 w spos\u00f3b zautomatyzowany;<\/p>\n\n\n\n<p>8) W przypadku, gdy przetwarzanie danych osobowych odbywa si\u0119 na podstawie zgody osoby na przetwarzanie danych osobowych (art. 6 ust. 1 lit a RODO), przys\u0142uguje Pani\/Panu prawo do cofni\u0119cia tej zgody w dowolnym momencie. Cofni\u0119cie to nie ma wp\u0142ywu na zgodno\u015b\u0107 przetwarzania, kt\u00f3rego dokonano na podstawie zgody przed jej cofni\u0119ciem, z obowi\u0105zuj\u0105cym prawem.<\/p>\n\n\n\n<p>9) W przypadku powzi\u0119cia informacji o niezgodnym z prawem przetwarzaniu przez Zwi\u0105zek Pani\/Pana danych osobowych, przys\u0142uguje Pani\/Panu prawo wniesienia skargi do organu nadzorczego w\u0142a\u015bciwego w sprawach ochrony danych osobowych \u2013 Prezesa Urz\u0119du Ochrony Danych Osobowych.<\/p>\n\n\n\n<p>10) W sytuacji, gdy przetwarzanie danych osobowych odbywa si\u0119 na podstawie zgody osoby, kt\u00f3rej dane dotycz\u0105, podanie przez Pani\u0105\/Pana danych osobowych Administratorowi ma charakter dobrowolny.<\/p>\n\n\n\n<p>11) Pani\/Pana dane mog\u0105 by\u0107 przetwarzane w spos\u00f3b zautomatyzowany i nie b\u0119d\u0105 profilowane.<\/p>\n","protected":false},"excerpt":{"rendered":"<p>Klauzula informacyjna o przetwarzaniu danych osobowych. Informacje podawane w przypadku zbierania danych od osoby, kt\u00f3rej dane dotycz\u0105 (artyku\u0142 13 RODO). W zwi\u0105zku z realizacj\u0105 wymog\u00f3w&hellip; <\/p>\n","protected":false},"author":1,"featured_media":0,"parent":0,"menu_order":0,"comment_status":"closed","ping_status":"closed","template":"","meta":{"footnotes":""},"class_list":["post-579","page","type-page","status-publish","hentry"],"_links":{"self":[{"href":"http:\/\/zkwp-koszalin.pl\/index.php?rest_route=\/wp\/v2\/pages\/579","targetHints":{"allow":["GET"]}}],"collection":[{"href":"http:\/\/zkwp-koszalin.pl\/index.php?rest_route=\/wp\/v2\/pages"}],"about":[{"href":"http:\/\/zkwp-koszalin.pl\/index.php?rest_route=\/wp\/v2\/types\/page"}],"author":[{"embeddable":true,"href":"http:\/\/zkwp-koszalin.pl\/index.php?rest_route=\/wp\/v2\/users\/1"}],"replies":[{"embeddable":true,"href":"http:\/\/zkwp-koszalin.pl\/index.php?rest_route=%2Fwp%2Fv2%2Fcomments&post=579"}],"version-history":[{"count":5,"href":"http:\/\/zkwp-koszalin.pl\/index.php?rest_route=\/wp\/v2\/pages\/579\/revisions"}],"predecessor-version":[{"id":657,"href":"http:\/\/zkwp-koszalin.pl\/index.php?rest_route=\/wp\/v2\/pages\/579\/revisions\/657"}],"wp:attachment":[{"href":"http:\/\/zkwp-koszalin.pl\/index.php?rest_route=%2Fwp%2Fv2%2Fmedia&parent=579"}],"curies":[{"name":"wp","href":"https:\/\/api.w.org\/{rel}","templated":true}]}}

<div class="wp-block-file"><a href="http://new.zwkp.nq.pl/wp-content/uploads/2021/02/Deklaracja-Czlonkowska-Zwiazku-Kynologicznego-w-Polsce-2019.pdf">Deklaracja członkowska Związku Kynologicznego w Polsce</a><a href="http://new.zwkp.nq.pl/wp-content/uploads/2021/02/Deklaracja-Czlonkowska-Zwiazku-Kynologicznego-w-Polsce-2019.pdf" class="wp-block-file__button" download>Pobierz</a></div>



<div class="wp-block-file"><a href="http://new.zwkp.nq.pl/wp-content/uploads/2021/02/KLAUZULA-INFORMACYJNA-O-PRZETWARZANIU-DANYCH-OSOBOWYCH.pdf">Klauzula informacyjna o przetwarzaniu danych osobowych</a><a href="http://new.zwkp.nq.pl/wp-content/uploads/2021/02/KLAUZULA-INFORMACYJNA-O-PRZETWARZANIU-DANYCH-OSOBOWYCH.pdf" class="wp-block-file__button" download>Pobierz</a></div>



<div class="wp-block-file"><a href="http://new.zwkp.nq.pl/wp-content/uploads/2021/02/Zgoda-na-przetwarzanie-danych-osobowych.pdf">Zgoda na przetwarzanie danych osobowych</a><a href="http://new.zwkp.nq.pl/wp-content/uploads/2021/02/Zgoda-na-przetwarzanie-danych-osobowych.pdf" class="wp-block-file__button" download>Pobierz</a></div>



<hr class="wp-block-separator"/>



<p class="has-text-align-center"><strong>Klauzula informacyjna o przetwarzaniu danych osobowych.</strong></p>



<p>Informacje podawane w przypadku zbierania danych od osoby, której dane dotyczą (artykuł 13 RODO).</p>



<p>W związku z realizacją wymogów Rozporządzenia Parlamentu Europejskiego i Rady (UE) 2016/679 z dnia 27 kwietnia 2016 r. w sprawie ochrony osób fizycznych w związku z przetwarzaniem danych osobowych i w sprawie swobodnego przepływu takich danych oraz uchylenia dyrektywy 95/46/WE (ogólne rozporządzenie o ochronie danych „RODO”), informujemy o zasadach przetwarzania Pani/Pana danych osobowych oraz o przysługujących Pani/Panu prawach z tym związanych.<br>Poniższe zasady stosuje się począwszy od 25 maja 2018 roku.</p>



<p>1) Administratorem Pani/Pana danych osobowych przetwarzanych jest: Związek Kynologiczny z siedzibą w Warszawie (Związek) adres: Al. Jerozolimskie 30/11 00-024 Warszawa, nr tel. 22 826 0574 fax: 22 862 4564.</p>



<p>2) Jeśli ma Pani/Pan pytania dotyczące sposobu i zakresu przetwarzania Pani/Pana danych osobowych w zakresie działania Związku, a także przysługujących Pani/Panu uprawnień, może się Pani/Pan skontaktować się z osoba odpowiedzialną w Związku za ochronę danych osobowych za pomocą adresu: rodo@zkwp.pl</p>



<p>3) Administrator danych osobowych – Związek &#8211; przetwarza Pani/Pana dane osobowe na podstawie obowiązujących przepisów prawa, na podstawie udzielonej zgody.</p>



<p>4) Pani/Pana dane osobowe przetwarzane są w celu/celach:<br>a) wypełnienia obowiązków statutowych Związku, w tym sporządzania sprawozdań z działalności Związku, dokumentów składanych do urzędu skarbowego, do urzędu statystycznego, wniosków do Krajowego Rejestru Sądowego, zamieszczania moich danych w związku z wykonywaniem praw i obowiązków członka Związku, umieszczania moich danych na stronie internetowej Związku;<br>b) realizacji umów zawartych z kontrahentami Związku;<br>c) w pozostałych przypadkach Pani/Pana dane osobowe przetwarzane są wyłącznie na podstawie wcześniej udzielonej zgody w zakresie i celu określonym w treści zgody.</p>



<p>5) W związku z przetwarzaniem danych w celach, o których mowa w pkt 4 odbiorcami Pani/Pana danych osobowych mogą być:<br>a) organy władzy publicznej oraz podmioty wykonujące zadania publiczne lub działające na zlecenie organów władzy publicznej, w zakresie i w celach, które wynikają z przepisów powszechnie obowiązującego prawa;<br>b) inne podmioty, które na podstawie stosownych umów podpisanych ze Związkiem przetwarzają dane osobowe dla których Administratorem jest Związek.</p>



<p>6) Pani/Pana dane osobowe będą przechowywane przez okres niezbędny do realizacji celów określonych w pkt 4, a po tym czasie przez okres oraz w zakresie wymaganym przez przepisy powszechnie obowiązującego prawa.</p>



<p>7) W związku z przetwarzaniem Pani/Pana danych osobowych przysługują Pani/Panu następujące uprawnienia:<br>a) prawo dostępu do danych osobowych, w tym prawo do uzyskania kopii tych danych;<br>b) prawo do żądania sprostowania (poprawiania) danych osobowych – w przypadku, gdy dane są nieprawidłowe lub niekompletne;<br>c) prawo do żądania usunięcia danych osobowych (tzw. prawo do bycia zapomnianym), w przypadku, gdy:<br>i) dane nie są już niezbędne do celów, dla których były zebrane lub w inny sposób przetwarzane,<br>ii) osoba, której dane dotyczą wycofała zgodę na przetwarzanie danych osobowych, która jest podstawą przetwarzania danych i nie ma innej podstawy prawnej przetwarzania danych,<br>iii) dane osobowe przetwarzane są niezgodnie z prawem,<br>iv) dane osobowe muszą być usunięte w celu wywiązania się z obowiązku wynikającego z przepisów prawa;<br>d) prawo do żądania ograniczenia przetwarzania danych osobowych – w przypadku, gdy:<br>i) osoba, której dane dotyczą kwestionuje prawidłowość danych osobowych,<br>ii) przetwarzanie danych jest niezgodne z prawem, a osoba, której dane dotyczą, sprzeciwia się usunięciu danych, żądając w zamian ich ograniczenia,<br>iii) Administrator nie potrzebuje już danych dla swoich celów, ale osoba, której dane dotyczą, potrzebuje ich do ustalenia, obrony lub dochodzenia roszczeń,<br>e) prawo do przenoszenia danych – w przypadku, gdy łącznie spełnione są następujące przesłanki:<br>i) przetwarzanie danych odbywa się na podstawie umowy zawartej z osobą, której dane dotyczą lub na podstawie zgody wyrażonej przez tą osobę,<br>ii) przetwarzanie odbywa się w sposób zautomatyzowany;</p>



<p>8) W przypadku, gdy przetwarzanie danych osobowych odbywa się na podstawie zgody osoby na przetwarzanie danych osobowych (art. 6 ust. 1 lit a RODO), przysługuje Pani/Panu prawo do cofnięcia tej zgody w dowolnym momencie. Cofnięcie to nie ma wpływu na zgodność przetwarzania, którego dokonano na podstawie zgody przed jej cofnięciem, z obowiązującym prawem.</p>



<p>9) W przypadku powzięcia informacji o niezgodnym z prawem przetwarzaniu przez Związek Pani/Pana danych osobowych, przysługuje Pani/Panu prawo wniesienia skargi do organu nadzorczego właściwego w sprawach ochrony danych osobowych – Prezesa Urzędu Ochrony Danych Osobowych.</p>



<p>10) W sytuacji, gdy przetwarzanie danych osobowych odbywa się na podstawie zgody osoby, której dane dotyczą, podanie przez Panią/Pana danych osobowych Administratorowi ma charakter dobrowolny.</p>



<p>11) Pani/Pana dane mogą być przetwarzane w sposób zautomatyzowany i nie będą profilowane.</p>

<p>Klauzula informacyjna o przetwarzaniu danych osobowych. Informacje podawane w przypadku zbierania danych od osoby, której dane dotyczą (artykuł 13 RODO). W związku z realizacją wymogów&hellip; </p>
